{"id":9890,"date":"2020-06-10T11:09:55","date_gmt":"2020-06-10T09:09:55","guid":{"rendered":"https:\/\/www.grupo-ebei.es\/confbe\/2020\/?page_id=9890"},"modified":"2023-06-12T13:59:22","modified_gmt":"2023-06-12T11:59:22","slug":"tasas-de-participacion","status":"publish","type":"page","link":"https:\/\/grupo-ebei.com\/confbe\/2023\/tasas-de-participacion\/","title":{"rendered":"Tasas de participaci\u00f3n"},"content":{"rendered":"<section class=\"l-section wpb_row height_auto color_primary with_shape\"><div class=\"l-section-shape type_wave pos_bottom\" style=\"height:10vh;\"><svg xmlns=\"http:\/\/www.w3.org\/2000\/svg\" viewBox=\"0 4 64 4\" preserveAspectRatio=\"none\" width=\"100%\" height=\"100%\">\r\n\t<path fill=\"currentColor\" d=\"M64 6 C32 0 32 12 0 6 L0 8 L64 8 Z\"\/>\r\n<\/svg><\/div><div class=\"l-section-h i-cf\"><div class=\"g-cols vc_row type_default valign_top\"><div class=\"vc_col-sm-12 wpb_column vc_column_container\"><div class=\"vc_column-inner\"><div class=\"wpb_wrapper\"><div class=\"w-separator size_small\"><\/div><div class=\"w-separator size_huge\"><\/div><\/div><\/div><\/div><\/div><\/div><\/section><section class=\"l-section wpb_row height_auto\"><div class=\"l-section-h i-cf\"><div class=\"g-cols vc_row type_default valign_top\"><div class=\"vc_col-sm-12 wpb_column vc_column_container\"><div class=\"vc_column-inner\"><div class=\"wpb_wrapper\"><div class=\"w-separator size_large\"><\/div>[vc_custom_heading text=\u00bbIX Congreso Internacional sobre Educaci\u00f3n Biling\u00fce\u00bb font_container=\u00bbtag:h2|text_align:center\u00bb use_theme_fonts=\u00bbyes\u00bb css=\u00bb%7B%22default%22%3A%7B%22color%22%3A%22%23013e67%22%2C%22font-size%22%3A%222.5rem%22%2C%22margin-bottom%22%3A%220px%22%7D%7D\u00bb][vc_custom_heading text=\u00bbTasas de participaci\u00f3n\u00bb font_container=\u00bbtag:h2|text_align:center\u00bb use_theme_fonts=\u00bbyes\u00bb css=\u00bb%7B%22default%22%3A%7B%22color%22%3A%22%23013e67%22%2C%22font-weight%22%3A%22500%22%2C%22font-size%22%3A%221.4rem%22%2C%22margin-top%22%3A%220px%22%2C%22margin-bottom%22%3A%2215px%22%7D%7D\u00bb]<div class=\"w-separator size_custom with_line width_default thick_2 style_solid color_border align_center\" style=\"height:1rem;\"><div class=\"w-separator-h\"><\/div><\/div><div class=\"w-separator size_large\"><\/div><\/div><\/div><\/div><\/div><\/div><\/section><section class=\"l-section wpb_row height_auto\"><div class=\"l-section-h i-cf\"><div class=\"g-cols vc_row type_default valign_top\"><div class=\"vc_col-sm-2 wpb_column vc_column_container\"><div class=\"vc_column-inner\"><div class=\"wpb_wrapper\"><\/div><\/div><\/div><div class=\"vc_col-sm-8 wpb_column vc_column_container\"><div class=\"vc_column-inner\"><div class=\"wpb_wrapper\"><div class=\"w-pricing us_custom_8e57a96a style_simple items_2\"><div class=\"w-pricing-item type_default\"><div class=\"w-pricing-item-h\"><div class=\"w-pricing-item-header\"><div class=\"w-pricing-item-title\"><span style=\"font-size: 31px !important; color: #06477a;\"><strong>PONENTES<\/strong><\/span><\/div><div class=\"w-pricing-item-price\">150\u20ac<small><strong>(Registro normal)<\/strong><\/small><\/div><\/div><ul class=\"w-pricing-item-features\"><li class=\"w-pricing-item-feature\"><strong>Fecha l\u00edmite de inscripci\u00f3n<\/strong><\/li><li class=\"w-pricing-item-feature\">19\/10\/2023<\/li><li class=\"w-pricing-item-feature\"><hr><\/li><li class=\"w-pricing-item-feature\"><span style=\"margin-top: 25px;\">Publicaci\u00f3n de comunicaciones<\/span><\/li><\/ul><div class=\"w-pricing-item-footer\"><a class=\"w-btn us-btn-style_2\" href=\"https:\/\/grupo-ebei.com\/confbe\/2023\/procedimiento-de-inscripcion\/\" style=\"font-size:16px;\"><span class=\"w-btn-label\">Inscripci\u00f3n<\/span><\/a><\/div><\/div><\/div><div class=\"w-pricing-item type_featured\"><div class=\"w-pricing-item-h\"><div class=\"w-pricing-item-header\"><div class=\"w-pricing-item-title\"><span style=\"font-size: 31px !important; color: #ffffff;\"><strong>PONENTES<\/strong><\/span><\/div><div class=\"w-pricing-item-price\">120\u20ac<small>(Registro anticipado)<\/small><\/div><\/div><ul class=\"w-pricing-item-features\"><li class=\"w-pricing-item-feature\"><strong>Fecha l\u00edmite de inscripci\u00f3n<\/strong><\/li><li class=\"w-pricing-item-feature\">01\/10\/2023<\/li><li class=\"w-pricing-item-feature\"><hr><\/li><li class=\"w-pricing-item-feature\"><span style=\"margin-top: 25px;\">Publicaci\u00f3n de comunicaciones<\/span><\/li><\/ul><div class=\"w-pricing-item-footer\"><a class=\"w-btn us-btn-style_1\" href=\"https:\/\/grupo-ebei.com\/confbe\/2023\/procedimiento-de-inscripcion\/\" style=\"font-size:16px;\"><span class=\"w-btn-label\">Inscripci\u00f3n<\/span><\/a><\/div><\/div><\/div><\/div><div class=\"w-separator size_small\"><\/div><div class=\"w-pricing us_custom_8e57a96a style_cards items_2\"><div class=\"w-pricing-item type_default\"><div class=\"w-pricing-item-h\"><div class=\"w-pricing-item-header\"><div class=\"w-pricing-item-title\"><span style=\"font-size: 31px !important; color: #06477a;\"><strong>PONENTES<\/strong><\/span><\/div><div class=\"w-pricing-item-price\">70\u20ac<small><strong>(ESTUDIANTES)<\/strong><br><strong>(MIEMBROS DE IBIE NETWORK)<\/strong><br><strong>(PONENTES edic. anteriores)<\/strong><\/small><\/div><\/div><ul class=\"w-pricing-item-features\"><li class=\"w-pricing-item-feature\"><strong>Fecha l\u00edmite de inscripci\u00f3n<\/strong><\/li><li class=\"w-pricing-item-feature\">19\/10\/2023<\/li><li class=\"w-pricing-item-feature\"><hr><\/li><li class=\"w-pricing-item-feature\">Publicaci\u00f3n de comunicaciones<\/li><\/ul><div class=\"w-pricing-item-footer\"><a class=\"w-btn us-btn-style_2\" href=\"https:\/\/grupo-ebei.com\/confbe\/2023\/procedimiento-de-inscripcion\/\" style=\"font-size:16px;\"><span class=\"w-btn-label\">Inscripci\u00f3n<\/span><\/a><\/div><\/div><\/div><div class=\"w-pricing-item type_default\"><div class=\"w-pricing-item-h\"><div class=\"w-pricing-item-header\"><div class=\"w-pricing-item-title\"><span style=\"font-size: 31px !important; color: #06477a;\"><strong>ASISTENTES<\/strong><\/span><\/div><div class=\"w-pricing-item-price\">25\u20ac<small>(Registro normal)<br>&nbsp;<\/small><\/div><\/div><ul class=\"w-pricing-item-features\"><li class=\"w-pricing-item-feature\"><strong>Fecha l\u00edmite de inscripci\u00f3n<\/strong><\/li><li class=\"w-pricing-item-feature\">19\/10\/2023<\/li><li class=\"w-pricing-item-feature\"><hr><\/li><li class=\"w-pricing-item-feature\">Publicaci\u00f3n de comunicaciones<\/li><\/ul><div class=\"w-pricing-item-footer\"><a class=\"w-btn us-btn-style_2\" href=\"https:\/\/www.grupo-ebei.com\/confbe\/2023\/procedimiento-de-inscripcion\" style=\"font-size:16px;\"><span class=\"w-btn-label\">Inscripci\u00f3n<\/span><\/a><\/div><\/div><\/div><\/div><div class=\"w-separator size_large\"><\/div><\/div><\/div><\/div><div class=\"vc_col-sm-2 wpb_column vc_column_container\"><div class=\"vc_column-inner\"><div class=\"wpb_wrapper\"><\/div><\/div><\/div><\/div><\/div><\/section><section class=\"l-section wpb_row height_auto\"><div class=\"l-section-h i-cf\"><div class=\"g-cols vc_row type_default valign_top\"><div class=\"vc_col-sm-12 wpb_column vc_column_container\"><div class=\"vc_column-inner\"><div class=\"wpb_wrapper\"><div class=\"w-separator size_custom with_line width_default thick_2 style_solid color_border align_center\" style=\"height:0.5rem;\"><div class=\"w-separator-h\"><\/div><\/div><\/div><\/div><\/div><\/div><\/div><\/section><section class=\"l-section wpb_row height_auto\"><div class=\"l-section-h i-cf\"><div class=\"g-cols vc_row type_default valign_top\"><div class=\"vc_col-sm-6 wpb_column vc_column_container\"><div class=\"vc_column-inner us_custom_a4ab7074 \"><div class=\"wpb_wrapper\"><div class=\"w-separator size_large\"><\/div><div class=\"w-separator size_custom\" style=\"height:1rem;\"><\/div><div class=\"w-iconbox iconpos_left style_default color_primary align_left\"><div class=\"w-iconbox-icon\"><i class=\"far fa-money-bill-alt\"><\/i><\/div><div class=\"w-iconbox-meta\"><h4 class=\"w-iconbox-title\">Descuento en la tasa<\/h4><div class=\"w-iconbox-text\"><p><code style=\"display: none;\"><br \/>\n<\/code><code style=\"display: none;\"><br \/>\n<\/code> <code style=\"display: none;\"><br \/>\n<\/code><\/p>\n<div><code style=\"display: none;\"><br \/>\n<\/code><\/div>\n<p><code style=\"display: none;\"><br \/>\n<\/code><code style=\"display: none;\"><br \/>\n<\/code> <code style=\"display: none;\"><br \/>\n<\/code><\/p>\n<div><code style=\"display: none;\"><br \/>\n<\/code><\/div>\n<p><code style=\"display: none;\"><br \/>\n<\/code><code style=\"display: none;\"><br \/>\n<\/code><\/p>\n<p align=\"justify\" class=\"vc_custom_heading us_custom_da44d96e\">Se ha establecido una <strong>reducci\u00f3n sobre la tasa de registro normal<\/strong>, que ser\u00e1 aplicable <strong>\u00fanicamente a estudiantes (grado y postgrado) y a los miembros de IBIE Network y a ponentes de ediciones anteriores<\/strong>. Para disfrutar de dicho descuento, deber\u00e1n <strong>aportar obligatoriamente<\/strong> la documentaci\u00f3n acreditativa a trav\u00e9s del <strong>formulario para el env\u00edo del resguardo de pago<\/strong>.<\/p>\n<p align=\"justify\" class=\"vc_custom_heading us_custom_da44d96e\">Los <strong>estudiantes universitarios (grado y postgrado)<\/strong> que deseen participar como ponentes deber\u00e1n acreditar su condici\u00f3n presentando, junto con el justificante de pago, su resguardo de matr\u00edcula.\u00a0<\/p>\n<p align=\"justify\" class=\"vc_custom_heading us_custom_da44d96e\">Los participantes <strong>miembros de IBIE Network y de sus instituciones asociadas<\/strong> deber\u00e1n <b>acreditar<\/b><strong>\u00a0su pertenencia a dichas instituciones<\/strong>: resguardo de matr\u00edcula (alumnado) o identificaci\u00f3n universitaria (docentes e investigadores).<\/p>\n<p align=\"justify\">Los ponentes de ediciones anteriores deber\u00e1n acreditar su participaci\u00f3n en las ediciones anteriores de este congreso.<\/p>\n<p><code style=\"display: none;\"><br \/>\n<\/code><code style=\"display: none;\"><br \/>\n<\/code> <code style=\"display: none;\"><br \/>\n<\/code><code style=\"display: none;\"><br \/>\n<\/code><code style=\"display: none;\"><br \/>\n<\/code><code style=\"display: none;\"><br \/>\n<\/code><code style=\"display: none;\"><br \/>\n<\/code><code style=\"display: none;\"><br \/>\n<\/code><\/p>\n<div><code style=\"display: none;\"><br \/>\n<\/code><\/div>\n<\/div><\/div><\/div><div class=\"w-separator size_custom\" style=\"height:0.5rem;\"><\/div><div class=\"w-separator size_medium\"><\/div><div class=\"w-iconbox iconpos_left style_default color_primary align_left\"><div class=\"w-iconbox-icon\"><i class=\"far fa-bullhorn\"><\/i><\/div><div class=\"w-iconbox-meta\"><h4 class=\"w-iconbox-title\">Fechas clave para los participantes<\/h4><div class=\"w-iconbox-text\"><p align=\"justify\">Tenga presentes las diferentes fechas clave y los plazos para la correcta participaci\u00f3n en el Congreso. Al igual que en anteriores ediciones, el comit\u00e9 organizador ha establecido un calendario m\u00e1s ajustado con el fin de facilitar y fomentar la participaci\u00f3n en la modalidad virtual.<\/p>\n<p><strong><strong><strong><strong><strong> <\/p>\n<\/div><\/div><\/div><div class=\"w-separator size_custom\" style=\"height:2.5rem;\"><\/div><\/div><\/div><\/div><div class=\"vc_col-sm-6 wpb_column vc_column_container\"><div class=\"vc_column-inner us_custom_1044a294 \"><div class=\"wpb_wrapper\"><div class=\"w-separator size_large\"><\/div><div class=\"w-separator size_custom\" style=\"height:1rem;\"><\/div><div class=\"w-iconbox iconpos_left style_default color_primary align_left\"><div class=\"w-iconbox-icon\"><i class=\"far fa-comments\"><\/i><\/div><div class=\"w-iconbox-meta\"><h4 class=\"w-iconbox-title\">\u00bfTiene alguna consulta?<\/h4><div class=\"w-iconbox-text\"><p> <\/strong><\/strong><\/strong> <\/strong><\/strong><\/p>\n<p align=\"justify\">Si desea realizar alguna consulta, informarnos sobre cualquier tipo de dificultad que haya constatado, problemas al acceder a los contenidos o si quiere hacer alguna sugerencia que nos pueda ayudar a mejorar el desarrollo del Congreso, puede ponerse en contacto con el equipo organizador a trav\u00e9s del buz\u00f3n de consultas disponible en la secci\u00f3n de <b><a href=\"https:\/\/grupo-ebei.com\/confbe\/2023\/contacto\">contacto<\/a><\/b>.<\/p>\n<p><strong> <strong><strong> <\/p>\n<\/div><\/div><\/div><div class=\"w-separator size_custom\" style=\"height:5em;\"><\/div><div class=\"w-image align_center\"><div class=\"w-image-h\"><img width=\"150\" height=\"150\" src=\"data:image\/svg+xml,%3Csvg xmlns=%22http:\/\/www.w3.org\/2000\/svg%22 viewBox=%220 0 150 150%22%3E%3C\/svg%3E\" data-lazy-type=\"image\" data-src=\"https:\/\/grupo-ebei.com\/confbe\/2023\/wp-content\/uploads\/2023\/05\/SELLO-CONFBE2023-150x150.png\" class=\"lazy lazy-hidden attachment-thumbnail size-thumbnail\" alt=\"\" loading=\"lazy\" srcset=\"\" data-srcset=\"https:\/\/grupo-ebei.com\/confbe\/2023\/wp-content\/uploads\/2023\/05\/SELLO-CONFBE2023-150x150.png 150w, https:\/\/grupo-ebei.com\/confbe\/2023\/wp-content\/uploads\/2023\/05\/SELLO-CONFBE2023.png 200w, https:\/\/grupo-ebei.com\/confbe\/2023\/wp-content\/uploads\/2023\/05\/SELLO-CONFBE2023-100x100.png 100w, https:\/\/grupo-ebei.com\/confbe\/2023\/wp-content\/uploads\/2023\/05\/SELLO-CONFBE2023-120x120.png 120w, https:\/\/grupo-ebei.com\/confbe\/2023\/wp-content\/uploads\/2023\/05\/SELLO-CONFBE2023-175x175.png 175w\" sizes=\"(max-width: 150px) 100vw, 150px\" \/><\/div><\/div><div class=\"w-separator size_medium\"><\/div><\/div><\/div><\/div><\/div><\/div><\/section><section class=\"l-section wpb_row height_auto\"><div class=\"l-section-h i-cf\"><div class=\"g-cols vc_row type_default valign_top\"><div class=\"vc_col-sm-12 wpb_column vc_column_container\"><div class=\"vc_column-inner\"><div class=\"wpb_wrapper\"><div class=\"w-separator size_custom with_line width_default thick_2 style_solid color_border align_center\" style=\"height:1rem;\"><div class=\"w-separator-h\"><\/div><\/div><div class=\"w-separator size_small\"><\/div><div class=\"w-separator size_medium\"><\/div><\/div><\/div><\/div><\/div><\/div><\/section><section class=\"l-section wpb_row us_custom_0490361b height_custom color_primary with_shape\" id=\"last\"><div class=\"l-section-shape type_wave pos_top hor_flip\" style=\"height:10vh;\"><svg xmlns=\"http:\/\/www.w3.org\/2000\/svg\" viewBox=\"0 4 64 4\" preserveAspectRatio=\"none\" width=\"100%\" height=\"100%\">\r\n\t<path fill=\"currentColor\" d=\"M64 6 C32 0 32 12 0 6 L0 8 L64 8 Z\"\/>\r\n<\/svg><\/div><div class=\"l-section-h i-cf\"><div class=\"g-cols vc_row type_default valign_top\"><div class=\"vc_col-sm-12 wpb_column vc_column_container\"><div class=\"vc_column-inner\"><div class=\"wpb_wrapper\"><div class=\"w-separator size_large\"><\/div><div class=\"w-actionbox color_primary controls_right\"><div class=\"w-actionbox-text\"><h2>\u00a1Reg\u00edstrese y participe!<\/h2><p>Le facilitamos toda la informaci\u00f3n acerca del procedimiento de registro y los requisitos para la participaci\u00f3n en el Congreso.<\/p>\n<\/div><div class=\"w-actionbox-controls\"><a class=\"w-btn us-btn-style_4 icon_atleft\" href=\"https:\/\/grupo-ebei.com\/confbe\/2023\/procedimiento-de-inscripcion\" style=\"font-size:18px;\"><i class=\"fal fa-file-signature\"><\/i><span class=\"w-btn-label\">Procedimiento de inscripci\u00f3n<\/span><\/a><\/div><\/div><\/div><\/div><\/div><\/div><\/div><\/section>","protected":false},"excerpt":{"rendered":"[vc_custom_heading text=\"IX Congreso Internacional sobre Educaci\u00f3n Biling\u00fce\" font_container=\"tag:h2|text_align:center\" use_theme_fonts=\"yes\" css=\"%7B%22default%22%3A%7B%22color%22%3A%22%23013e67%22%2C%22font-size%22%3A%222.5rem%22%2C%22margin-bottom%22%3A%220px%22%7D%7D\"][vc_custom_heading text=\"Tasas de participaci\u00f3n\" font_container=\"tag:h2|text_align:center\" use_theme_fonts=\"yes\" css=\"%7B%22default%22%3A%7B%22color%22%3A%22%23013e67%22%2C%22font-weight%22%3A%22500%22%2C%22font-size%22%3A%221.4rem%22%2C%22margin-top%22%3A%220px%22%2C%22margin-bottom%22%3A%2215px%22%7D%7D\"]PONENTES150\u20ac(Registro normal)Fecha l\u00edmite de inscripci\u00f3n19\/10\/2023Publicaci\u00f3n de comunicacionesInscripci\u00f3nPONENTES120\u20ac(Registro anticipado)Fecha l\u00edmite de inscripci\u00f3n01\/10\/2023Publicaci\u00f3n de comunicacionesInscripci\u00f3nPONENTES70\u20ac(ESTUDIANTES)(MIEMBROS DE IBIE NETWORK)(PONENTES edic. anteriores)Fecha l\u00edmite de inscripci\u00f3n19\/10\/2023Publicaci\u00f3n de comunicacionesInscripci\u00f3nASISTENTES25\u20ac(Registro normal)&nbsp;Fecha l\u00edmite de inscripci\u00f3n19\/10\/2023Publicaci\u00f3n de comunicacionesInscripci\u00f3nDescuento en la tasa Se ha establecido una reducci\u00f3n sobre la tasa...","protected":false},"author":1,"featured_media":0,"parent":0,"menu_order":0,"comment_status":"closed","ping_status":"closed","template":"","meta":{"spay_email":""},"yoast_head":"<!-- This site is optimized with the Yoast SEO plugin v18.8 - https:\/\/yoast.com\/wordpress\/plugins\/seo\/ -->\n<title>Tasas de participaci\u00f3n - IX Congreso Internacional sobre Educaci\u00f3n Biling\u00fce<\/title>\n<meta name=\"robots\" content=\"index, follow, max-snippet:-1, max-image-preview:large, max-video-preview:-1\" \/>\n<link rel=\"canonical\" href=\"https:\/\/grupo-ebei.com\/confbe\/2023\/tasas-de-participacion\/\" \/>\n<meta property=\"og:locale\" content=\"es_ES\" \/>\n<meta property=\"og:type\" content=\"article\" \/>\n<meta property=\"og:title\" content=\"Tasas de participaci\u00f3n - IX Congreso Internacional sobre Educaci\u00f3n Biling\u00fce\" \/>\n<meta property=\"og:url\" content=\"https:\/\/grupo-ebei.com\/confbe\/2023\/tasas-de-participacion\/\" \/>\n<meta property=\"og:site_name\" content=\"IX Congreso Internacional sobre Educaci\u00f3n Biling\u00fce\" \/>\n<meta property=\"article:modified_time\" content=\"2023-06-12T11:59:22+00:00\" \/>\n<meta name=\"twitter:card\" content=\"summary_large_image\" \/>\n<meta name=\"twitter:label1\" content=\"Tiempo de lectura\" \/>\n\t<meta name=\"twitter:data1\" content=\"2 minutos\" \/>\n<script type=\"application\/ld+json\" class=\"yoast-schema-graph\">{\"@context\":\"https:\/\/schema.org\",\"@graph\":[{\"@type\":\"WebSite\",\"@id\":\"https:\/\/grupo-ebei.com\/confbe\/2023\/#website\",\"url\":\"https:\/\/grupo-ebei.com\/confbe\/2023\/\",\"name\":\"IX Congreso Internacional sobre Educaci\u00f3n Biling\u00fce\",\"description\":\"VIII International Conference on Bilingual Education\",\"potentialAction\":[{\"@type\":\"SearchAction\",\"target\":{\"@type\":\"EntryPoint\",\"urlTemplate\":\"https:\/\/grupo-ebei.com\/confbe\/2023\/?s={search_term_string}\"},\"query-input\":\"required name=search_term_string\"}],\"inLanguage\":\"es\"},{\"@type\":\"WebPage\",\"@id\":\"https:\/\/grupo-ebei.com\/confbe\/2023\/tasas-de-participacion\/#webpage\",\"url\":\"https:\/\/grupo-ebei.com\/confbe\/2023\/tasas-de-participacion\/\",\"name\":\"Tasas de participaci\u00f3n - IX Congreso Internacional sobre Educaci\u00f3n Biling\u00fce\",\"isPartOf\":{\"@id\":\"https:\/\/grupo-ebei.com\/confbe\/2023\/#website\"},\"datePublished\":\"2020-06-10T09:09:55+00:00\",\"dateModified\":\"2023-06-12T11:59:22+00:00\",\"breadcrumb\":{\"@id\":\"https:\/\/grupo-ebei.com\/confbe\/2023\/tasas-de-participacion\/#breadcrumb\"},\"inLanguage\":\"es\",\"potentialAction\":[{\"@type\":\"ReadAction\",\"target\":[\"https:\/\/grupo-ebei.com\/confbe\/2023\/tasas-de-participacion\/\"]}]},{\"@type\":\"BreadcrumbList\",\"@id\":\"https:\/\/grupo-ebei.com\/confbe\/2023\/tasas-de-participacion\/#breadcrumb\",\"itemListElement\":[{\"@type\":\"ListItem\",\"position\":1,\"name\":\"Home\",\"item\":\"https:\/\/grupo-ebei.com\/confbe\/2023\/\"},{\"@type\":\"ListItem\",\"position\":2,\"name\":\"Tasas de participaci\u00f3n\"}]}]}<\/script>\n<!-- \/ Yoast SEO plugin. -->","yoast_head_json":{"title":"Tasas de participaci\u00f3n - IX Congreso Internacional sobre Educaci\u00f3n Biling\u00fce","robots":{"index":"index","follow":"follow","max-snippet":"max-snippet:-1","max-image-preview":"max-image-preview:large","max-video-preview":"max-video-preview:-1"},"canonical":"https:\/\/grupo-ebei.com\/confbe\/2023\/tasas-de-participacion\/","og_locale":"es_ES","og_type":"article","og_title":"Tasas de participaci\u00f3n - IX Congreso Internacional sobre Educaci\u00f3n Biling\u00fce","og_url":"https:\/\/grupo-ebei.com\/confbe\/2023\/tasas-de-participacion\/","og_site_name":"IX Congreso Internacional sobre Educaci\u00f3n Biling\u00fce","article_modified_time":"2023-06-12T11:59:22+00:00","twitter_card":"summary_large_image","twitter_misc":{"Tiempo de lectura":"2 minutos"},"schema":{"@context":"https:\/\/schema.org","@graph":[{"@type":"WebSite","@id":"https:\/\/grupo-ebei.com\/confbe\/2023\/#website","url":"https:\/\/grupo-ebei.com\/confbe\/2023\/","name":"IX Congreso Internacional sobre Educaci\u00f3n Biling\u00fce","description":"VIII International Conference on Bilingual Education","potentialAction":[{"@type":"SearchAction","target":{"@type":"EntryPoint","urlTemplate":"https:\/\/grupo-ebei.com\/confbe\/2023\/?s={search_term_string}"},"query-input":"required name=search_term_string"}],"inLanguage":"es"},{"@type":"WebPage","@id":"https:\/\/grupo-ebei.com\/confbe\/2023\/tasas-de-participacion\/#webpage","url":"https:\/\/grupo-ebei.com\/confbe\/2023\/tasas-de-participacion\/","name":"Tasas de participaci\u00f3n - IX Congreso Internacional sobre Educaci\u00f3n Biling\u00fce","isPartOf":{"@id":"https:\/\/grupo-ebei.com\/confbe\/2023\/#website"},"datePublished":"2020-06-10T09:09:55+00:00","dateModified":"2023-06-12T11:59:22+00:00","breadcrumb":{"@id":"https:\/\/grupo-ebei.com\/confbe\/2023\/tasas-de-participacion\/#breadcrumb"},"inLanguage":"es","potentialAction":[{"@type":"ReadAction","target":["https:\/\/grupo-ebei.com\/confbe\/2023\/tasas-de-participacion\/"]}]},{"@type":"BreadcrumbList","@id":"https:\/\/grupo-ebei.com\/confbe\/2023\/tasas-de-participacion\/#breadcrumb","itemListElement":[{"@type":"ListItem","position":1,"name":"Home","item":"https:\/\/grupo-ebei.com\/confbe\/2023\/"},{"@type":"ListItem","position":2,"name":"Tasas de participaci\u00f3n"}]}]}},"_links":{"self":[{"href":"https:\/\/grupo-ebei.com\/confbe\/2023\/wp-json\/wp\/v2\/pages\/9890"}],"collection":[{"href":"https:\/\/grupo-ebei.com\/confbe\/2023\/wp-json\/wp\/v2\/pages"}],"about":[{"href":"https:\/\/grupo-ebei.com\/confbe\/2023\/wp-json\/wp\/v2\/types\/page"}],"author":[{"embeddable":true,"href":"https:\/\/grupo-ebei.com\/confbe\/2023\/wp-json\/wp\/v2\/users\/1"}],"replies":[{"embeddable":true,"href":"https:\/\/grupo-ebei.com\/confbe\/2023\/wp-json\/wp\/v2\/comments?post=9890"}],"version-history":[{"count":149,"href":"https:\/\/grupo-ebei.com\/confbe\/2023\/wp-json\/wp\/v2\/pages\/9890\/revisions"}],"predecessor-version":[{"id":11154,"href":"https:\/\/grupo-ebei.com\/confbe\/2023\/wp-json\/wp\/v2\/pages\/9890\/revisions\/11154"}],"wp:attachment":[{"href":"https:\/\/grupo-ebei.com\/confbe\/2023\/wp-json\/wp\/v2\/media?parent=9890"}],"curies":[{"name":"wp","href":"https:\/\/api.w.org\/{rel}","templated":true}]}}