{"id":10678,"date":"2020-09-08T12:33:51","date_gmt":"2020-09-08T10:33:51","guid":{"rendered":"https:\/\/www.grupo-ebei.es\/confbe\/2020\/?page_id=10678"},"modified":"2022-06-24T14:15:27","modified_gmt":"2022-06-24T12:15:27","slug":"modalities-for-participation","status":"publish","type":"page","link":"https:\/\/grupo-ebei.com\/confbe\/2023\/en\/modalities-for-participation\/","title":{"rendered":"Modalities for participation"},"content":{"rendered":"<section class=\"l-section wpb_row height_auto color_primary with_shape\"><div class=\"l-section-shape type_wave pos_bottom\" style=\"height:10vh;\"><svg xmlns=\"http:\/\/www.w3.org\/2000\/svg\" viewBox=\"0 4 64 4\" preserveAspectRatio=\"none\" width=\"100%\" height=\"100%\">\r\n\t<path fill=\"currentColor\" d=\"M64 6 C32 0 32 12 0 6 L0 8 L64 8 Z\"\/>\r\n<\/svg><\/div><div class=\"l-section-h i-cf\"><div class=\"g-cols vc_row type_default valign_top\"><div class=\"vc_col-sm-12 wpb_column vc_column_container\"><div class=\"vc_column-inner\"><div class=\"wpb_wrapper\"><div class=\"w-separator size_small\"><\/div><div class=\"w-separator size_huge\"><\/div><\/div><\/div><\/div><\/div><\/div><\/section><section class=\"l-section wpb_row height_auto\"><div class=\"l-section-h i-cf\"><div class=\"g-cols vc_row type_default valign_top\"><div class=\"vc_col-sm-3 wpb_column vc_column_container\"><div class=\"vc_column-inner\"><div class=\"wpb_wrapper\"><div class=\"w-separator size_large\"><\/div><div class=\"w-separator size_small\"><\/div><div class=\"w-menu  us_custom_54633498 layout_ver style_blocks us_menu_1\"><ul id=\"menu-menu-info-general-es\" class=\"menu\"><li id=\"menu-item-9750\" class=\"menu-general-item menu-item menu-item-type-post_type menu-item-object-page menu-item-9750\"><a href=\"https:\/\/grupo-ebei.com\/confbe\/2023\/lineas-de-trabajo\/\">L\u00edneas de trabajo<\/a><\/li><li id=\"menu-item-10335\" class=\"menu-general-item menu-item menu-item-type-post_type menu-item-object-page menu-item-10335\"><a href=\"https:\/\/grupo-ebei.com\/confbe\/2023\/destinatarios\/\">Principales destinatarios\/as<\/a><\/li><li id=\"menu-item-9970\" class=\"menu-general-item menu-item menu-item-type-post_type menu-item-object-page menu-item-9970\"><a href=\"https:\/\/grupo-ebei.com\/confbe\/2023\/modalidades-de-participacion\/\">Modalidades de participaci\u00f3n<\/a><\/li><li id=\"menu-item-9752\" class=\"menu-general-item menu-item menu-item-type-post_type menu-item-object-page menu-item-9752\"><a href=\"https:\/\/grupo-ebei.com\/confbe\/2023\/plenarios\/\">Conferenciantes plenarios<\/a><\/li><li id=\"menu-item-10331\" class=\"menu-general-item menu-item menu-item-type-post_type menu-item-object-page menu-item-10331\"><a href=\"https:\/\/grupo-ebei.com\/confbe\/2023\/fechas-clave\/\">Fechas clave<\/a><\/li><li id=\"menu-item-9969\" class=\"menu-general-item menu-item menu-item-type-post_type menu-item-object-page menu-item-9969\"><a href=\"https:\/\/grupo-ebei.com\/confbe\/2023\/tasas-de-participacion\/\">Tasas de participaci\u00f3n<\/a><\/li><li id=\"menu-item-10332\" class=\"menu-general-item menu-item menu-item-type-post_type menu-item-object-page menu-item-10332\"><a href=\"https:\/\/grupo-ebei.com\/confbe\/2023\/procedimiento-de-inscripcion\/\">Procedimiento de inscripci\u00f3n<\/a><\/li><li id=\"menu-item-10070\" class=\"menu-general-item menu-item menu-item-type-post_type menu-item-object-page menu-item-10070\"><a href=\"https:\/\/grupo-ebei.com\/confbe\/2023\/gestion-de-resumenes\/\">Presentaci\u00f3n de res\u00famenes<\/a><\/li><li id=\"menu-item-10571\" class=\"menu-item menu-item-type-post_type menu-item-object-page menu-item-10571\"><a href=\"https:\/\/grupo-ebei.com\/confbe\/2023\/envio-de-comunicaciones\/\">Env\u00edo de comunicaciones<\/a><\/li><li id=\"menu-item-10588\" class=\"menu-item menu-item-type-post_type menu-item-object-page menu-item-10588\"><a href=\"https:\/\/grupo-ebei.com\/confbe\/2023\/libro-de-capitulos\/\">Libro de Cap\u00edtulos<\/a><\/li><li id=\"menu-item-10073\" class=\"menu-general-item menu-item menu-item-type-post_type menu-item-object-page menu-item-10073\"><a href=\"https:\/\/grupo-ebei.com\/confbe\/2023\/organizacion\/\">Organizaci\u00f3n y comit\u00e9s<\/a><\/li><li id=\"menu-item-9751\" class=\"menu-general-item menu-item menu-item-type-post_type menu-item-object-page menu-item-9751\"><a href=\"https:\/\/grupo-ebei.com\/confbe\/2023\/entidades\/\">Entidades organizadoras<\/a><\/li><\/ul><style>.us_menu_1 .menu>li{margin-bottom:0.8rem}.us_menu_1 .menu>li>a{padding:0.9em 0.9em}.us_menu_1 .menu>li>a{background:linear-gradient(135deg,#00a3d9,#00194e)}.us_menu_1 .menu>li>a{color:#ffffff}.us_menu_1 .menu>.menu-item>a:hover{background:linear-gradient(165deg,#00a3d9,#00194e)}.us_menu_1 .menu>.current-menu-item>a{color:#f5f5f5}@media ( max-width:600px ){.us_menu_1 .menu{display:block!important}.us_menu_1 .menu>li{margin:0 0 0.8rem}}<\/style><\/div><\/div><\/div><\/div><div class=\"vc_col-sm-9 wpb_column vc_column_container\"><div class=\"vc_column-inner us_custom_75e2102a \"><div class=\"wpb_wrapper\"><div class=\"w-separator size_small\"><\/div><div class=\"w-separator size_large\"><\/div>[vc_custom_heading text=\u00bbWould you like to participate?\u00bb font_container=\u00bbtag:h2|text_align:center\u00bb use_theme_fonts=\u00bbyes\u00bb]<div class=\"w-separator size_custom\" style=\"height:1rem;\"><\/div>[vc_custom_heading text=\u00bbIn this edition of the Conference the following modalities of participation have been established. Click on each modality for more information.\u00bb font_container=\u00bbtag:p|text_align:center\u00bb use_theme_fonts=\u00bbyes\u00bb css=\u00bb%7B%22default%22%3A%7B%22font-weight%22%3A%22500%22%2C%22font-size%22%3A%221.2rem%22%7D%7D\u00bb]<div class=\"w-separator size_small\"><\/div><div class=\"w-tabs us_custom_91b1a7f2 style_default switch_click accordion title_atleft icon_triangle iconpos_right \"><div class=\"w-tabs-sections\"><div class=\"w-tabs-sections-h\"><div class=\"w-tabs-section with_icon\" id=\"69d4bca5efc03\" style=\"background:linear-gradient(135deg,#00a3d9,#00194e);color:#ffffff;\"><button class=\"w-tabs-section-header\" style=\"font-size:1.2rem;\" aria-controls=\"content-69d4bca5efc03\"><div class=\"w-tabs-section-header-h\"><i class=\"far fa-video\"><\/i><h3 class=\"w-tabs-section-title\">PLENARY PRESENTATIONS<\/h3><div class=\"w-tabs-section-control\"><\/div><\/div><\/button><div class=\"w-tabs-section-content us_custom_ef209e8f\" id=\"content-69d4bca5efc03\" aria-expanded=\"false\"><div  class=\"w-tabs-section-content-h i-cf\"><div class=\"wpb_text_column us_custom_601b3763\" ><div class=\"wpb_wrapper\"><p><code style=\"display: none;\"><br \/>\n<\/code><\/p>\n<p align=\"justify\">The Organising Committee of the Conference has the honour of announcing the celebration of different plenary sessions by renowned international experts. You can find all the details concerning these sessions through the following link.<\/p>\n<p><code style=\"display: none;\"><br \/>\n<\/code><\/p>\n<\/div><\/div><div class=\"w-separator size_custom\" style=\"height:1rem;\"><\/div><div class=\"w-btn-wrapper width_auto align_center\"><a class=\"w-btn us-btn-style_4\" href=\"https:\/\/grupo-ebei.com\/confbe\/2023\/plenarios\/\"><span class=\"w-btn-label\">Plenary speakers<\/span><\/a><\/div><\/div><\/div><\/div><div class=\"w-tabs-section with_icon active\" id=\"69d4bca5efc0c\" style=\"background:linear-gradient(135deg,#00a3d9,#00194e);color:#ffffff;\"><button class=\"w-tabs-section-header active\" style=\"font-size:1.2rem;\" aria-controls=\"content-69d4bca5efc0c\"><div class=\"w-tabs-section-header-h\"><i class=\"far fa-video\"><\/i><h3 class=\"w-tabs-section-title\">COMMUNICATIONS<\/h3><div class=\"w-tabs-section-control\"><\/div><\/div><\/button><div class=\"w-tabs-section-content us_custom_e74b353e\" id=\"content-69d4bca5efc0c\" aria-expanded=\"true\"><div  class=\"w-tabs-section-content-h i-cf\"><div class=\"wpb_text_column us_custom_a99925c3\" ><div class=\"wpb_wrapper\"><p><code style=\"display: none;\"><br \/>\n<\/code><\/p>\n<p align=\"justify\" class=\"vc_custom_heading us_custom_abc5744b\">In which the results of studies related to the themes collected in the Conference are presented and organized by the Scientific Committee according to the different areas that have been established. You can consult the thematic lines defined in the section &#8216;Thematic Areas&#8217;. These communications, of research or experiences in the classroom, will be divided into two modalities:<\/p>\n<p><code style=\"display: none;\"><br \/>\n<\/code><code style=\"display: none;\"><br \/>\n<\/code><code style=\"display: none;\"><br \/>\n<\/code><code style=\"display: none;\">    <\/code><\/p>\n<ul>\n<ul>\n<li align=\"justify\" class=\"vc_custom_heading us_custom_4e1149e1\"><b>COMMUNICATIONS IN VIDEO FORMAT:<\/b> Results of research and teaching practices in multimedia format.<\/li>\n<\/ul>\n<\/ul>\n<p><code style=\"display: none;\"><br \/>\n<\/code><code style=\"display: none;\">    <\/code><\/p>\n<ul>\n<ul>\n<li align=\"justify\" class=\"vc_custom_heading us_custom_4e1149e1\"><b>COMMUNICATIONS IN TEXT FORMAT:<\/b> Results of research and teaching practices in text format.<\/li>\n<\/ul>\n<\/ul>\n<p align=\"justify\"><span>Contributions to the Conference must be unpublished scientific or professional papers on any of the proposed topics. The communications in text format must be written in the template that can be downloaded from the section &#8216;Communications submission&#8217; of this website. <b>The length will be 3000 words<\/b>, including references.<\/span><\/p>\n<p><code style=\"display: none;\"><br \/>\n<\/code><code style=\"display: none;\"><br \/>\n<\/code><\/p>\n<\/div><\/div><div class=\"w-separator size_custom\" style=\"height:1rem;\"><\/div><div class=\"w-btn-wrapper width_auto align_center\"><a class=\"w-btn us-btn-style_4\" href=\"https:\/\/grupo-ebei.com\/confbe\/2023\/en\/communications-submission\"><span class=\"w-btn-label\">Communications submission<\/span><\/a><\/div><\/div><\/div><\/div><div class=\"w-tabs-section with_icon\" id=\"69d4bca5efc15\" style=\"background:linear-gradient(135deg,#00a3d9,#00194e);color:#ffffff;\"><button class=\"w-tabs-section-header\" style=\"font-size:1.2rem;\" aria-controls=\"content-69d4bca5efc15\"><div class=\"w-tabs-section-header-h\"><i class=\"fas fa-comment-smile\"><\/i><h3 class=\"w-tabs-section-title\">SCIENTIFIC \/ TRAINING DIALOGS<\/h3><div class=\"w-tabs-section-control\"><\/div><\/div><\/button><div class=\"w-tabs-section-content\" id=\"content-69d4bca5efc15\" aria-expanded=\"false\"><div  class=\"w-tabs-section-content-h i-cf\"><div class=\"wpb_text_column us_custom_63948721\" ><div class=\"wpb_wrapper\"><p><code style=\"display: none;\"><br \/>\n<\/code><\/p>\n<p align=\"justify\" class=\"vc_custom_heading us_custom_abc5744b\">Each dialogue, <b>in video format<\/b>, will last<b> between 30 and 60 minutes<\/b>, enabling two or three participants to exchange ideas on key scientific or training issues.<\/p>\n<p><code style=\"display: none;\"><br \/>\n<\/code><\/p>\n<p align=\"justify\">The aim of these dialogues is, therefore, <b>to raise a burning issue in bilingual education<\/b> and to provide two points of view on it, so as to generate debate among the participants. These dialogues, which will be sent by video, <b>must have a maximum of 2-3 participants<\/b> and the Scientific Committee will select the best proposals to hold them (which will be notified in advance to the coordinators).\u00a0<\/p>\n<\/div><\/div><\/div><\/div><\/div><div class=\"w-tabs-section with_icon\" id=\"69d4bca5efc19\" style=\"background:linear-gradient(135deg,#00a3d9,#00194e);color:#ffffff;\"><button class=\"w-tabs-section-header\" style=\"font-size:1.2rem;\" aria-controls=\"content-69d4bca5efc19\"><div class=\"w-tabs-section-header-h\"><i class=\"fas fa-chalkboard-teacher\"><\/i><h3 class=\"w-tabs-section-title\">WORKSHOPS<\/h3><div class=\"w-tabs-section-control\"><\/div><\/div><\/button><div class=\"w-tabs-section-content\" id=\"content-69d4bca5efc19\" aria-expanded=\"false\"><div  class=\"w-tabs-section-content-h i-cf\"><div class=\"wpb_text_column us_custom_63948721\" ><div class=\"wpb_wrapper\"><p><code style=\"display: none;\"><br \/>\n<\/code><\/p>\n<p align=\"justify\" class=\"vc_custom_heading us_custom_abc5744b\">Workshops arise as an alternative to the Communications. They will develop training proposals related to Bilingual Education.<\/p>\n<p><code style=\"display: none;\"><br \/>\n<\/code><\/p>\n<\/div><\/div><\/div><\/div><\/div><\/div><\/div><\/div><div class=\"w-separator size_small\"><\/div><div class=\"w-separator size_huge\"><\/div><div class=\"w-separator size_huge\"><\/div><div class=\"w-separator size_huge\"><\/div><\/div><\/div><\/div><\/div><\/div><\/section><section class=\"l-section wpb_row height_custom color_primary with_shape\"><div class=\"l-section-shape type_wave pos_bottom\" style=\"height:10vh;\"><svg xmlns=\"http:\/\/www.w3.org\/2000\/svg\" viewBox=\"0 4 64 4\" preserveAspectRatio=\"none\" width=\"100%\" height=\"100%\">\r\n\t<path fill=\"currentColor\" d=\"M64 6 C32 0 32 12 0 6 L0 8 L64 8 Z\"\/>\r\n<\/svg><\/div><div class=\"l-section-h i-cf\"><div class=\"g-cols vc_row type_default valign_top\"><div class=\"vc_col-sm-12 wpb_column vc_column_container\"><div class=\"vc_column-inner\"><div class=\"wpb_wrapper\"><div class=\"wpb_text_column\" ><div class=\"wpb_wrapper\"><p><code style=\"display: none;\"><br \/>\n<\/code><\/p>\n<h2 style=\"text-align: center;\">OJS PLATFORM ACCESS<\/h2>\n<p><code style=\"display: none;\"><br \/>\n<\/code><\/p>\n<p style=\"text-align: center;\">Please, make sure you have completed the registration process correctly by following the steps described in the section \u201cRegistration procedure\u201d.<\/p>\n<p><code style=\"display: none;\"><br \/>\n<\/code><\/p>\n<\/div><\/div><div class=\"w-separator size_small\"><\/div><div class=\"w-btn-wrapper width_auto align_center\"><a class=\"w-btn us-btn-style_4\" href=\"https:\/\/grupo-ebei.com\/confbe\/ojsebei\/index.php\/confbe\"><span class=\"w-btn-label\">ACCESS TO OJS PLATFORM<\/span><\/a><\/div><div class=\"w-separator size_medium\"><\/div><\/div><\/div><\/div><\/div><\/div><\/section>","protected":false},"excerpt":{"rendered":"L\u00edneas de trabajoPrincipales destinatarios\/asModalidades de participaci\u00f3nConferenciantes plenariosFechas claveTasas de participaci\u00f3nProcedimiento de inscripci\u00f3nPresentaci\u00f3n de res\u00famenesEnv\u00edo de comunicacionesLibro de Cap\u00edtulosOrganizaci\u00f3n y comit\u00e9sEntidades organizadoras[vc_custom_heading text=\"Would you like to participate?\" font_container=\"tag:h2|text_align:center\" use_theme_fonts=\"yes\"][vc_custom_heading text=\"In this edition of the Conference the following modalities of participation have been established. Click on each modality for more information.\" font_container=\"tag:p|text_align:center\" use_theme_fonts=\"yes\" css=\"%7B%22default%22%3A%7B%22font-weight%22%3A%22500%22%2C%22font-size%22%3A%221.2rem%22%7D%7D\"]PLENARY PRESENTATIONS The Organising...","protected":false},"author":1,"featured_media":0,"parent":0,"menu_order":0,"comment_status":"closed","ping_status":"closed","template":"","meta":{"spay_email":""},"yoast_head":"<!-- This site is optimized with the Yoast SEO plugin v18.8 - https:\/\/yoast.com\/wordpress\/plugins\/seo\/ -->\n<title>Modalities for participation - IX Congreso Internacional sobre Educaci\u00f3n Biling\u00fce<\/title>\n<meta name=\"robots\" content=\"index, follow, max-snippet:-1, max-image-preview:large, max-video-preview:-1\" \/>\n<link rel=\"canonical\" href=\"https:\/\/grupo-ebei.com\/confbe\/2023\/modalities-for-participation\/\" \/>\n<meta property=\"og:locale\" content=\"es_ES\" \/>\n<meta property=\"og:type\" content=\"article\" \/>\n<meta property=\"og:title\" content=\"Modalities for participation - IX Congreso Internacional sobre Educaci\u00f3n Biling\u00fce\" \/>\n<meta property=\"og:url\" content=\"https:\/\/grupo-ebei.com\/confbe\/2023\/en\/modalities-for-participation\/\" \/>\n<meta property=\"og:site_name\" content=\"IX Congreso Internacional sobre Educaci\u00f3n Biling\u00fce\" \/>\n<meta property=\"article:modified_time\" content=\"2022-06-24T12:15:27+00:00\" \/>\n<meta name=\"twitter:card\" content=\"summary_large_image\" \/>\n<meta name=\"twitter:label1\" content=\"Tiempo de lectura\" \/>\n\t<meta name=\"twitter:data1\" content=\"2 minutos\" \/>\n<script type=\"application\/ld+json\" class=\"yoast-schema-graph\">{\"@context\":\"https:\/\/schema.org\",\"@graph\":[{\"@type\":\"WebSite\",\"@id\":\"https:\/\/grupo-ebei.com\/confbe\/2023\/#website\",\"url\":\"https:\/\/grupo-ebei.com\/confbe\/2023\/\",\"name\":\"IX Congreso Internacional sobre Educaci\u00f3n Biling\u00fce\",\"description\":\"VIII International Conference on Bilingual Education\",\"potentialAction\":[{\"@type\":\"SearchAction\",\"target\":{\"@type\":\"EntryPoint\",\"urlTemplate\":\"https:\/\/grupo-ebei.com\/confbe\/2023\/?s={search_term_string}\"},\"query-input\":\"required name=search_term_string\"}],\"inLanguage\":\"es\"},{\"@type\":\"WebPage\",\"@id\":\"https:\/\/grupo-ebei.com\/confbe\/2023\/en\/modalities-for-participation\/#webpage\",\"url\":\"https:\/\/grupo-ebei.com\/confbe\/2023\/en\/modalities-for-participation\/\",\"name\":\"Modalities for participation - IX Congreso Internacional sobre Educaci\u00f3n Biling\u00fce\",\"isPartOf\":{\"@id\":\"https:\/\/grupo-ebei.com\/confbe\/2023\/#website\"},\"datePublished\":\"2020-09-08T10:33:51+00:00\",\"dateModified\":\"2022-06-24T12:15:27+00:00\",\"breadcrumb\":{\"@id\":\"https:\/\/grupo-ebei.com\/confbe\/2023\/en\/modalities-for-participation\/#breadcrumb\"},\"inLanguage\":\"es\",\"potentialAction\":[{\"@type\":\"ReadAction\",\"target\":[\"https:\/\/grupo-ebei.com\/confbe\/2023\/en\/modalities-for-participation\/\"]}]},{\"@type\":\"BreadcrumbList\",\"@id\":\"https:\/\/grupo-ebei.com\/confbe\/2023\/en\/modalities-for-participation\/#breadcrumb\",\"itemListElement\":[{\"@type\":\"ListItem\",\"position\":1,\"name\":\"Home\",\"item\":\"https:\/\/grupo-ebei.com\/confbe\/2023\/\"},{\"@type\":\"ListItem\",\"position\":2,\"name\":\"Modalities for participation\"}]}]}<\/script>\n<!-- \/ Yoast SEO plugin. -->","yoast_head_json":{"title":"Modalities for participation - IX Congreso Internacional sobre Educaci\u00f3n Biling\u00fce","robots":{"index":"index","follow":"follow","max-snippet":"max-snippet:-1","max-image-preview":"max-image-preview:large","max-video-preview":"max-video-preview:-1"},"canonical":"https:\/\/grupo-ebei.com\/confbe\/2023\/modalities-for-participation\/","og_locale":"es_ES","og_type":"article","og_title":"Modalities for participation - IX Congreso Internacional sobre Educaci\u00f3n Biling\u00fce","og_url":"https:\/\/grupo-ebei.com\/confbe\/2023\/en\/modalities-for-participation\/","og_site_name":"IX Congreso Internacional sobre Educaci\u00f3n Biling\u00fce","article_modified_time":"2022-06-24T12:15:27+00:00","twitter_card":"summary_large_image","twitter_misc":{"Tiempo de lectura":"2 minutos"},"schema":{"@context":"https:\/\/schema.org","@graph":[{"@type":"WebSite","@id":"https:\/\/grupo-ebei.com\/confbe\/2023\/#website","url":"https:\/\/grupo-ebei.com\/confbe\/2023\/","name":"IX Congreso Internacional sobre Educaci\u00f3n Biling\u00fce","description":"VIII International Conference on Bilingual Education","potentialAction":[{"@type":"SearchAction","target":{"@type":"EntryPoint","urlTemplate":"https:\/\/grupo-ebei.com\/confbe\/2023\/?s={search_term_string}"},"query-input":"required name=search_term_string"}],"inLanguage":"es"},{"@type":"WebPage","@id":"https:\/\/grupo-ebei.com\/confbe\/2023\/en\/modalities-for-participation\/#webpage","url":"https:\/\/grupo-ebei.com\/confbe\/2023\/en\/modalities-for-participation\/","name":"Modalities for participation - IX Congreso Internacional sobre Educaci\u00f3n Biling\u00fce","isPartOf":{"@id":"https:\/\/grupo-ebei.com\/confbe\/2023\/#website"},"datePublished":"2020-09-08T10:33:51+00:00","dateModified":"2022-06-24T12:15:27+00:00","breadcrumb":{"@id":"https:\/\/grupo-ebei.com\/confbe\/2023\/en\/modalities-for-participation\/#breadcrumb"},"inLanguage":"es","potentialAction":[{"@type":"ReadAction","target":["https:\/\/grupo-ebei.com\/confbe\/2023\/en\/modalities-for-participation\/"]}]},{"@type":"BreadcrumbList","@id":"https:\/\/grupo-ebei.com\/confbe\/2023\/en\/modalities-for-participation\/#breadcrumb","itemListElement":[{"@type":"ListItem","position":1,"name":"Home","item":"https:\/\/grupo-ebei.com\/confbe\/2023\/"},{"@type":"ListItem","position":2,"name":"Modalities for participation"}]}]}},"_links":{"self":[{"href":"https:\/\/grupo-ebei.com\/confbe\/2023\/wp-json\/wp\/v2\/pages\/10678"}],"collection":[{"href":"https:\/\/grupo-ebei.com\/confbe\/2023\/wp-json\/wp\/v2\/pages"}],"about":[{"href":"https:\/\/grupo-ebei.com\/confbe\/2023\/wp-json\/wp\/v2\/types\/page"}],"author":[{"embeddable":true,"href":"https:\/\/grupo-ebei.com\/confbe\/2023\/wp-json\/wp\/v2\/users\/1"}],"replies":[{"embeddable":true,"href":"https:\/\/grupo-ebei.com\/confbe\/2023\/wp-json\/wp\/v2\/comments?post=10678"}],"version-history":[{"count":6,"href":"https:\/\/grupo-ebei.com\/confbe\/2023\/wp-json\/wp\/v2\/pages\/10678\/revisions"}],"predecessor-version":[{"id":10932,"href":"https:\/\/grupo-ebei.com\/confbe\/2023\/wp-json\/wp\/v2\/pages\/10678\/revisions\/10932"}],"wp:attachment":[{"href":"https:\/\/grupo-ebei.com\/confbe\/2023\/wp-json\/wp\/v2\/media?parent=10678"}],"curies":[{"name":"wp","href":"https:\/\/api.w.org\/{rel}","templated":true}]}}